the prime factors of q(1)?
2, 5
Let v = 7 - -3. Let a = v - 1. Let j = -5 + a. List the prime factors of j.
2
Suppose 6*t - 5*t - 12 = 0. List the prime factors of t.
2, 3
Suppose 2*u - 4*u = -120. Let m be u/9 - 4/6. Suppose 4*q = 2*t + m, 2*t = -q + 12 + 7. List the prime factors of t.
7
Suppose 0 = 3*j - j - 64. Suppose 0 = 4*x - 12 - j. Suppose 2*m - 11 = x. List the prime factors of m.
11
Suppose -3*j - 3*j = -18. What are the prime factors of j?
3
List the prime factors of 2 + (0 + 2 - -13).
17
Suppose 4 = k - l, -4 - 6 = -2*k + 3*l. What are the prime factors of k?
2
Suppose -7*r - 700 = -12*r. What are the prime factors of r?
2, 5, 7
Suppose -31*m + 638 = -29*m. List the prime factors of m.
11, 29
What are the prime factors of (-7)/((-70)/72)*150/4?
2, 3, 5
Let i = 149 + -26. List the prime factors of i.
3, 41
Suppose -2*n = -5 - 5. Suppose -s = n*v - 95, s = -3*v + v + 41. What are the prime factors of v?
2, 3
Suppose 3*b - 45 = -0*b. Let x = -2 + -7. Let g = b + x. List the prime factors of g.
2, 3
Let y = 1 - -51. List the prime factors of y.
2, 13
Suppose -4*t - 424 = -3*d - d, -2*d + 4*t + 222 = 0. List the prime factors of d.
101
Let m(h) = -h + 15. Let r be m(7). Let d = -4 + r. List the prime factors of (-9)/(-12) - (-33)/d.
3
Let j be 2 - (9/(-3) + 0). Suppose -j*r - 26 = -5*a + 29, -3*a - 3*r = -3. List the prime factors of a.
2, 3
Let c be (9/6)/((-9)/(-30)). Suppose -c*z + 10 = -0. List the prime factors of z.
2
List the prime factors of ((-328)/(-12))/(8/12*1).
41
Let x(a) = 6*a**2 - 1. Let p be x(1). Let m = 15 - p. List the prime factors of m.
2, 5
Let o(i) = i**2 + 14*i + 27. List the prime factors of o(-13).
2, 7
Let y(a) = -13*a - 12. List the prime factors of y(-6).
2, 3, 11
Suppose 3*q - 126 = 2*a, -a + 79 = 3*q - 38. What are the prime factors of q?
2, 5
Suppose a = 5*z + 2*a - 384, -4*z = -4*a - 312. List the prime factors of z.
7, 11
Let s(w) = -w - 4. Let m be s(4). Let z = m + 11. List the prime factors of z.
3
List the prime factors of 0 + -3 + (2 - -61).
2, 3, 5
Suppose 0 = 4*n + 2*c - 6, -3*n - 2*c = -4*n + 4. Suppose 3*m = n*m + 2. Suppose 14 = -3*k + 4*q, m*q = 4*k - q + 7. List the prime factors of k.
2
Suppose a - 13 - 28 = 0. List the prime factors of a.
41
Let s = -42 + 75. List the prime factors of s.
3, 11
What are the prime factors of (16/6)/(28/126)?
2, 3
Let p(s) = -11*s**3 - 2*s**2 - 9*s - 2. List the prime factors of p(-2).
2, 3
Suppose 2*r + 2*l + 20 = -2, -5*r - 43 = -l. Let y = -4 - r. What are the prime factors of y?
5
Let c = -4 - -7. Suppose c*h - h = 6. Suppose -3*z + 4 = -2*g - 4, 2*z - 14 = -h*g. What are the prime factors of g?
2
Let d be (3 - 4)*(-86)/(-2). Let c = d - -64. List the prime factors of c.
3, 7
What are the prime factors of 6*(5 - (-4)/((-24)/9))?
3, 7
Suppose 5*b - 32 = -3*f, 2*b = 6*b + 5*f - 36. Suppose b*g = -5 + 33. List the prime factors of g.
7
Let m(u) = 3*u**2 + 4*u + 2. Let i be m(-2). Suppose -h - h + i = 0. Suppose c - 44 = -h*c. What are the prime factors of c?
11
Suppose i = 3*i - 34. List the prime factors of i.
17
Suppose 2*w = 4*w - 3*j - 9, 5*w = -4*j - 12. Suppose w*c = 2*c - 10, -4*p + 161 = 5*c. What are the prime factors of p?
2, 17
List the prime factors of 2 + (1 + 88 - (-1 - 1)).
3, 31
Let q(s) = s**2 + 7*s - 5. Let p be q(-8). List the prime factors of 2/(-6)*(-36 - p).
13
Let k = 3 + 1. What are the prime factors of 1*59/(5 - k)?
59
Let i be ((-12)/8)/(2/(-72)). Suppose 5*h + 3*v - 57 = 78, 2*h - i = 4*v. What are the prime factors of h?
3
Let s(z) = 8*z**3 + 3*z**2 - 3*z. List the prime factors of s(2).
2, 5, 7
Let r = 89 + -51. List the prime factors of r.
2, 19
Let t = -168 + 247. What are the prime factors of t?
79
Let u = -14 + 26. List the prime factors of 0/2 + (u - 0).
2, 3
Suppose -7 = 2*j - 25. Let k = -16 - -10. List the prime factors of 88/j + k/(-27).
2, 5
Let n(l) = 9*l + 1. Let d be n(-1). Let s = 10 + d. List the prime factors of s.
2
Let b(v) = v - 12. Let d be b(9). Let g = d - -38. What are the prime factors of g?
5, 7
Let m be 2*3*3/6. Let l = m + 4. What are the prime factors of l?
7
Suppose -4*b + 4*o - 16 = 0, -4 = -b + 4*b - o. Let h(p) = p**3 - 6*p**2 + 5*p + 6. Let n be h(5). Suppose -c + n*c - 20 = b. What are the prime factors of c?
2
Let g(u) = -u. Let p be g(0). Let h = 10 + p. List the prime factors of h.
2, 5
Let w(i) = -2*i**3 + i - 1. Let s be w(1). Let a be ((-6)/(-10))/(s/10). Let t = 0 - a. What are the prime factors of t?
3
Let d(j) = j**2 - 2*j + 5. Let l be d(4). Let f = 22 + l. List the prime factors of f.
5, 7
Let z(n) = 2*n + 10. Let w be z(-8). What are the prime factors of (-6)/(w/35) + 2?
37
Let l(k) be the second derivative of -2*k + 5/6*k**3 + 0 + 1/3*k**4 - 1/20*k**5 + 3/2*k**2. List the prime factors of l(5).
3
Suppose 12 = g - 8. Suppose -g = -y - 1. Suppose -2*m + w + y = 0, m + 0*m - w = 12. What are the prime factors of m?
7
Let y(x) = 36*x + 31. What are the prime factors of y(7)?
283
Let h be (1 - 5)/(2/(-28)). What are the prime factors of (h/35)/(4/110)?
2, 11
Let y(i) be the second derivative of i**4/6 + i**3/3 - 3*i**2/2 - 2*i. Suppose 1 = 3*l - 5. What are the prime factors of y(l)?
3
Let q(s) = -2*s - 2. Let j be q(-2). Suppose j*d = 2 + 2. Suppose 4*l + 5*a = 22, d*l - l + 3*a - 9 = 0. List the prime factors of l.
3
Let h(q) = -56*q - 7. List the prime factors of h(-2).
3, 5, 7
Let a(t) = 19*t**2 - 2*t + 1. Suppose 3*x - 5 + 2 = 0. What are the prime factors of a(x)?
2, 3
Let z be ((-1)/(-3))/(6/90). Let u = z - -31. List the prime factors of u.
2, 3
Let o = 7 + -4. Suppose 2*z = 4*z - o*l + 6, -5*z + 27 = 3*l. What are the prime factors of z?
3
Suppose 2*b + 3*b - 10 = 0. Suppose 4*t - b + 10 = 0. List the prime factors of t/(16/(-6) - -2).
3
Let o = -64 + 99. List the prime factors of o.
5, 7
Let g be 3/(-2)*(-24)/9. Suppose g = -5*d + 14. What are the prime factors of 3/3 + 2 + d?
5
Let r = -18 + 18. Suppose p - 13 + 7 = r. List the prime factors of p.
2, 3
Let j(a) = -7*a**3 + 2*a**2 + 2*a + 1. Let i be j(-1). Let z = i + -5. List the prime factors of z.
3
List the prime factors of (-222)/(-3) - 2*(-3)/6.
3, 5
Suppose -u - 1 = -3. Suppose -u = -c + 9. List the prime factors of c.
11
List the prime factors of (6/4)/((-6)/(-180)).
3, 5
Let s(i) = -4 + i + 2 + 0*i. Let r be s(2). Suppose -y = -r*y - 6. List the prime factors of y.
2, 3
Let i be (-4)/(-4)*(6 + 1). Let l = 5 + i. What are the prime factors of l?
2, 3
Let g(q) = q + 13. Let n(l) = 7. Let s(h) = -4*g(h) + 7*n(h). Let a be s(3). What are the prime factors of (-6)/a - 24/(-15)?
2
Suppose -6 = 3*r + 3, -17 = -p + 5*r. What are the prime factors of (p + -1)*(8 - 2)?
2, 3
Suppose -5*r = -4*x - r + 124, -r + 47 = 2*x. What are the prime factors of x?
2, 13
Let h(r) = 2 - 6*r**2 + 13*r**2 - r**3 - 8*r + 2*r**3. List the prime factors of h(-8).
2
Let g = 6 - 7. List the prime factors of (21/6)/(g/(-2)).
7
Suppose 3*s = 5 + 7, 5*n - 35 = -5*s. List the prime factors of n.
3
Suppose -4*y = 4*d + 20, 20 = -2*y + 4*y - 4*d. Suppose y = 2*g - 8, 4*r + 4*g - 7 = 29. Suppose -24 - 26 = -r*p. List the prime factors of p.
2, 5
Let l(w) = -w**2 - 5*w + 6. Let n be l(-6). Let r = n - 6. Let o(d) = -d**3 - 7*d**2 - 5*d + 8. List the prime factors of o(r).
2
Let h = 4 - 2. Let z be h*1*1/(-2). Let w(n) = 9*n**2 + n. What are the prime factors of w(z)?
2
Suppose 2*q - 60 = -2*q - 2*t, -q + t = -18. List the prime factors of q.
2
Let h(l) be the first derivative of l**4/4 + 7*l**3/3 + 3*l**2 + 9*l - 2. Suppose 15 = -4*y + 3*x, -y - 3*x = -0*x + 15. List the prime factors of h(y).
3
Suppose -o = 4*o - 75. Let d = 11 + -17. Let i = d + o. What are the prime factors of i?
3
Suppose 2*i + 3*i = 10. Suppose 5 = -4*z - b, -5*z - i*b - 6 = 4. Suppose -5*s - 5*h + 40 = z, -s + 5*s - 3*h - 46 = 0. List the prime factors of s.
2, 5
Let t = 12 + -11. Let q(p) = 6*p. List the prime factors of q(t).
2, 3
Let s(m) = -4*m. Let p(b) = -b + 1. Let h(i) = -2*p(i) - s(i). List the prime factors of h(2).
2, 5
Suppose 199 = t - 2*n, t + 6*n = 4*n + 183. What are the prime factors of t?
191
Let z(b) be the third derivative of b**4/24 + 2*b**2. List the prime factors of z(5).
5
What are the prime factors of 12/(-9)*27/(-6)?
2, 3
Suppose 3*j - 63 - 63 = 0. List